p + 2*g + 28 = 0. Let z = p + -2. Suppose q = 2*q - 3*f + 4, -z*f = -16. What are the prime factors of q?
2
Let s(g) = g**2 - 2*g - 3*g + 2*g + 3 - 3*g. What are the prime factors of s(8)?
19
Suppose -2*k + 8 = -0*j + 5*j, k = j - 3. Suppose 2*a + 158 = 5*a - b, 0 = -a - j*b + 62. What are the prime factors of a?
2, 3
Suppose 3*q - 4*q - 18 = -g, 2*g = -3*q + 51. What are the prime factors of g?
3, 7
What are the prime factors of 7/14 + 70/4?
2, 3
What are the prime factors of (-1551)/(-8) - (-10)/80?
2, 97
Let n be -6*(0 - 3/6). Suppose -24 = -3*h + n*a + 9, 4*a = -5*h + 10. List the prime factors of h.
2, 3
What are the prime factors of (-94*3/(-18))/(2/12)?
2, 47
Suppose -3*q + 0*q + 54 = 0. Let m = 6 + q. List the prime factors of m.
2, 3
Let w(p) = 10*p**2 + 1. Suppose c + 1 - 3 = 0. Let g be (-25)/20 - c/(-8). List the prime factors of w(g).
11
Let j(i) = 46*i**2 - i - 5. What are the prime factors of j(2)?
3, 59
Let m = -90 + 175. List the prime factors of m.
5, 17
Suppose -o + 6 = 4. Suppose 0 = 2*c - 4*m - o, -c + 17 = 2*m - 0*m. What are the prime factors of 4 + (-3)/c*0?
2
Let v(n) = n**2 + 6*n - 8. Let k be v(-6). Let u be 75/(-10)*k/6. Suppose -2*p = 3*p - u. What are the prime factors of p?
2
Suppose -5 = -3*q + 4*u, u + 12 = 5*q - 2*u. Suppose 5*p - 4*b = 181, -2*p + 2*b = -q*p + 25. List the prime factors of p.
3, 11
Let p(j) = -j**3 - 17*j**2 + 20*j + 37. List the prime factors of p(-19).
379
Suppose -4*k + 4*y = -9*k + 261, -k + 69 = 5*y. What are the prime factors of k?
7
Suppose 32 = 5*u - 133. List the prime factors of u.
3, 11
Suppose -2*t = -2*i + 2, -3*i + i - 4*t = -8. What are the prime factors of (0 + -4)*i/(-4)?
2
Let p be ((-15)/20)/(2/(-104)). Let y = p + -21. Suppose -4*r = -b + y, -2*b + 27 = -2*r - 3*r. What are the prime factors of b?
2, 3
Let g(w) be the first derivative of -w**3/3 - 3*w**2/2 + 4*w - 3. What are the prime factors of g(-3)?
2
Suppose 2*g + 0 = 4. Let r(y) = 2*y**3 - 3*y**2 + 4*y - 2. What are the prime factors of r(g)?
2, 5
Suppose 3*r = -5*u + 60, -3*u + 3 = -5*r + 1. Let p = u - -1. What are the prime factors of p?
2, 5
Suppose 5*z = -t + 29, -5*z - 2*t + 48 = 15. List the prime factors of z.
5
Let l = 55 - 10. Suppose l = -p + 4*p. List the prime factors of p.
3, 5
Let f(q) = -q**2 + q + 1. Let c be f(2). Let m be -6*c/3*2. Suppose -n = m*n - 80. List the prime factors of n.
2
Let u = 241 + -152. List the prime factors of u.
89
Let g = 6 - 6. Suppose 0*q - 5*q + 85 = g. What are the prime factors of q?
17
Suppose 5*j - 11 = 4. Let f be (-10)/15 - (-14)/j. What are the prime factors of f/10 + 309/15?
3, 7
Suppose -6*q = -8*q + 12. What are the prime factors of (-22)/q*(-18)/2?
3, 11
Suppose 7 = 2*o + 1. Suppose -2 = g - 1, 4*k - 4*g = 0. Let h = o - k. List the prime factors of h.
2
Let m be -1*(2*17)/2. Let l = m - -41. Suppose -2*p + 5*p = l. What are the prime factors of p?
2
Suppose 0 = -3*h + 3. Let d(k) = k**2 + k - 1. Let m be d(h). Let y = m - -1. List the prime factors of y.
2
Let t(h) = -7*h + 4*h + 5 + 5. What are the prime factors of t(-7)?
31
Let m(v) be the first derivative of 3*v**2/2 - 2*v + 3. Let p be -3*-1*(-4)/(-6). What are the prime factors of m(p)?
2
Let q be (-1)/2 - (-12)/(-8). Let p be (0 - q) + (-124)/(-4). Suppose -k + p = 2*k. What are the prime factors of k?
11
Suppose -3*i + 51 = 12. Suppose -t + i + 14 = 0. List the prime factors of t.
3
Suppose -5*z = 4*b - 104 - 135, -5*b = -z + 42. What are the prime factors of z?
47
Let d = 145 - 52. List the prime factors of d.
3, 31
Suppose 30 - 8 = d + 3*n, d - 26 = -n. What are the prime factors of d?
2, 7
Let n(z) be the first derivative of -1/2*z**2 + 2 - 4*z. What are the prime factors of n(-7)?
3
Let z(r) = 3*r**2 + 7*r - 1. Let w be z(-5). Let u = w - 15. Let g = u + -11. List the prime factors of g.
13
Let u(b) = b. Let f be u(3). List the prime factors of 15 + -3 + 3 + f.
2, 3
Let y be 194/6 + (-5)/15. Let j = 22 - y. Let i = 12 + j. What are the prime factors of i?
2
Suppose -h = -5*h + 8. Suppose 5*a = p + 19, 5*a - 24 = -2*p - h*p. Suppose r + r + 72 = a*o, 0 = r. List the prime factors of o.
2, 3
Let f(q) = q + 3. Let c be f(3). Suppose b = 3*k - c*k + 25, 5*b - 4*k = 201. List the prime factors of b.
37
Suppose 52 = 2*g + 3*y + 2*y, -4*g = -5*y - 134. What are the prime factors of g?
31
Suppose 0 = 3*n + 4*a - 89, 0 = n - 0*n + 5*a - 26. What are the prime factors of n?
31
Let i = -9 + 20. List the prime factors of i.
11
Suppose 72 + 22 = 2*o + 2*a, 0 = -o + 4*a + 52. List the prime factors of o.
2, 3
Let q = -78 - -138. List the prime factors of q.
2, 3, 5
Suppose 67 = o - 0*o. List the prime factors of o.
67
List the prime factors of 1*0/2 - -99.
3, 11
Let k be 16/(-6)*(-3)/2. What are the prime factors of (-10)/k*56/(-10)?
2, 7
Let m = 5 - -45. What are the prime factors of (-1)/2 + m/4?
2, 3
Suppose 0*u = 3*u - 5*r + 24, -2*r - 3 = 3*u. Let k = u - -23. What are the prime factors of k?
2, 5
Suppose -3*w = -4*a - 28, 3*w = -2*w. What are the prime factors of 16/2*(-5 - a)?
2
Let r = 2 + -13. Let g = 4 + r. Let j(i) = -i - 2. What are the prime factors of j(g)?
5
Suppose -3*y + 28 = -4*l, -1 = l - 0. Let u(d) = 1 + 6 - 4 + d. List the prime factors of u(y).
11
Suppose m + 0*m = 70. Let k = m - 33. What are the prime factors of k?
37
Let f = -78 + 122. Let t = -29 + f. List the prime factors of (-4)/10 - (-141)/t.
3
Let g = 25 - 13. Suppose 0*a = a - g. What are the prime factors of a?
2, 3
Let z = -148 + 223. List the prime factors of z.
3, 5
Suppose -a = -5*p + 28, -5*p + 52 = -4*a - 0*p. Let b be 3/(-12) - 106/a. Let v = b - 4. What are the prime factors of v?
3
Suppose -3*l + 1452 = 486. List the prime factors of l.
2, 7, 23
Let r(t) = 148*t + 1. Let z be r(1). Suppose -5*h + z = 19. Let f = -14 + h. What are the prime factors of f?
2, 3
Suppose 2*f = -2*f + 24. Suppose 3*s + 21 = 4*l, -27 + f = 3*s - l. Let k = s - -10. List the prime factors of k.
3
Let g(f) = 8*f - 1. Let v be -3*(-4 + (-2 - -5)). Let d be g(v). Let b = d + -14. List the prime factors of b.
3
Let q(b) = 13*b + 3. Let o be q(6). Suppose -m + o - 1 = 0. Let a = -57 + m. List the prime factors of a.
23
What are the prime factors of 2*2/(-12)*-69?
23
Suppose -914 + 46 = -7*d. What are the prime factors of d?
2, 31
Suppose 11 = -2*q - 3*j - 19, 4*q = 2*j - 60. Let z = q + 22. Let d = -5 + z. List the prime factors of d.
2
Let v(p) = 2*p - 3. Let g be v(3). Suppose -2*n + 4*c - g*c = -98, 98 = 2*n + c. List the prime factors of n.
7
Suppose -3*k - 2*k + 15 = 0. List the prime factors of k - -3*8/12.
5
Let b(t) = -t**2 - 11*t - 8. What are the prime factors of b(-7)?
2, 5
Suppose s = -c - 14, c + 8 = -s - 3*s. Let d = -3 - c. Let v = 3 + d. What are the prime factors of v?
2
Let p(q) = -q + 2. Let j be p(2). Suppose d + 1 + j = s, 4*d + 2*s - 14 = 0. List the prime factors of d/(-3) + (-14)/(-3).
2
Let n(a) = -2*a - 5. Let t(o) = 3*o + 1. Let c be t(-2). List the prime factors of n(c).
5
Let n(h) = h**3 - 4*h + 9. What are the prime factors of n(4)?
3, 19
Suppose -x + 4*x + g = 2, 0 = -5*g - 20. Suppose b = -x*b + 27. Let a = b - 5. List the prime factors of a.
2
Suppose 1 = p - 2. Let d(q) = -q + 3. Let s be d(p). What are the prime factors of (-3)/(9/(-42)) - s?
2, 7
What are the prime factors of 12*(-12)/8*12/(-2)?
2, 3
Suppose -2*m = -103 - 31. List the prime factors of m.
67
Let j(i) = i**3 + i**2 + i + 1. Let u(g) = g - 4. Let x be u(6). List the prime factors of j(x).
3, 5
List the prime factors of 482/5 + 54/(-135).
2, 3
List the prime factors of (56/6)/((-22)/(-33)).
2, 7
Let g = 18 + -36. Let i be 2/(-6) - 57/(-9). List the prime factors of (11/(-3))/(i/g).
11
Let d(k) = 449*k**2 - 11*k + 1. List the prime factors of d(1).
439
Suppose 0 = -5*g - t - 46, 2*g + 38 = -2*g - 2*t. Let u(w) be the second derivative of -w**3/6 + w**2/2 + w. What are the prime factors of u(g)?
2, 5
Suppose r = -3*a + 22 - 2, -5*a = -4*r + 12. Suppose r = d + 3*d. List the prime factors of d.
2
Let y(x) = x**3 - x**2 + 82. List the prime factors of y(0).
2, 41
Suppose -4*g = -3*o - o + 48, -2 = 2*g. List the prime factors of o.
11
Let w(x) = 2*x - 1. Let l be w(6). Let t = l + -8. Suppose t*b + 0*b - 2*a = 37, -41 = -3*b + 4*a. List the prime factors